1 + (3 - -1)). Let o = 115 + m. Suppose -71*k = -129*k + 4466. Calculate the remainder when k is divided by o.
37
Let h = 6 + -3. Let r = 73 + -70. Suppose 3*k - 5 - 28 = -r*u, 0 = -5*u + 5*k + 95. Calculate the remainder when u is divided by h.
0
Suppose -4555 = -8*x - 123. What is the remainder when x is divided by 4?
2
Let y(l) = 2*l**2 + 5*l - 47. Let s be y(-11). Suppose -4*v + s = 72. What is the remainder when 26 is divided by v?
9
Calculate the remainder when (-14)/((112/(-21826))/4) is divided by 37.
35
Let r(d) = 4*d**2 + 66*d + 564. Calculate the remainder when 1426 is divided by r(-15).
4
Let l(v) = -43*v - 626. Calculate the remainder when 151 is divided by l(-15).
18
Let n = 21841 + -21732. Suppose 0 = -3*i - 3*q + 138 - 39, 0 = 5*i + q - 145. What is the remainder when n is divided by i?
25
Suppose -2*i + 28 = -4*q + 24, i - 12 = -3*q. What is the remainder when 147 is divided by i?
3
Calculate the remainder when 1314 is divided by (59696/504)/((-8)/(-36)).
248
Let k(z) = -z**2 + 0*z**2 - 130 + 120 - 5*z + 17*z. Suppose 0 = -3*m + 5*q + 310, m - 3*q + q = 104. Calculate the remainder when m is divided by k(3).
15
Let g(y) = -y**3 - 20*y**2 + 11*y + 30. Let x be g(-21). Let i = -231 + x. Suppose 5*t - 124 = 3*t. Calculate the remainder when t is divided by i.
8
Let p(l) = 16*l**2 - 3*l + 5. Let u(i) = 20*i**2 - 8*i - 18. What is the remainder when u(-5) is divided by p(-2)?
72
Let j = -16 - -21. Let o(q) = -50*q - 2. Let v(y) = 51*y + 3. Let m(r) = j*v(r) + 6*o(r). What is the remainder when m(-1) is divided by 27?
21
Suppose 18*r = 16*r + 8. Let m(c) = -c**2 + 23*c - 58. What is the remainder when 70 is divided by m(r)?
16
Let c = 337 - 346. Calculate the remainder when c*2/8*-40 is divided by 24.
18
Suppose 465 = -4*z - 299. Let a = -148 - z. Calculate the remainder when a is divided by 16.
11
Let q(a) = 11*a - 7. Let g(b) = b**2 + 38*b + 174. Let l be g(-33). Suppose 0 = l*j - 123 - 147. Calculate the remainder when q(6) is divided by j.
29
Suppose 9*x = 1275 - 330. Let n = x + -49. Suppose -3*q + n = 4*k - 19, 5*k - 25 = -q. Calculate the remainder when 47 is divided by q.
22
Let q(r) = -273*r**2 + 3094*r - 17. Calculate the remainder when q(11) is divided by 44.
16
Suppose i + v + 6440 = 13*i, -i + 2*v = -552. What is the remainder when i is divided by 18?
14
Suppose 38*n + 7869 = 99*n. Calculate the remainder when n is divided by (-2)/(-4) + 51/2.
25
Suppose -3*l - 54 = 4*a + 25, 5*l = 4*a - 153. Let q = 42 + l. What is the remainder when 89 is divided by q?
11
Suppose -s + 2*p = -444, 5*p + 854 = -5*s + 3029. Calculate the remainder when s is divided by 2.
0
Suppose 0 = 59*m - 29*m + 49*m - 237. What is the remainder when 159 is divided by m?
0
Let w(g) = 12*g**2 + 90*g + 39. Calculate the remainder when w(-8) is divided by 10.
7
Suppose -3*v + 4*v = 2. Suppose 2*y - v*m = 166, 0 = -2*y + y + 4*m + 92. Calculate the remainder when y is divided by 20 + -22 + (49 + 1)/2.
11
Let o be (-6)/(-12)*234*3. Suppose -14 = -5*s + o. Calculate the remainder when s is divided by 26.
21
Let m(b) = -2*b**3 + 132*b - 65*b - 3*b**2 - 61*b - 3 + 39*b**3. Calculate the remainder when 87 is divided by m(1).
13
Let n(c) = -c**3 - 39*c**2 - 7*c + 224. Calculate the remainder when n(-40) is divided by 141.
130
Let x = -641 + 643. Suppose 0*p - 2*p = -x*y + 38, 0 = 5*y + 3*p - 55. Calculate the remainder when (-2 - -22)*(-10)/(-8) is divided by y.
11
Suppose z = -3*z + 196. Let d(q) = 29*q - 3086. Calculate the remainder when d(113) is divided by z.
44
Suppose -v - 3*m - 317 = -6*v, 5*m = 4*v - 264. Let u = v + -48. Suppose -2*s + 43 = -s. Calculate the remainder when s is divided by u.
4
Let x be (2 - 2/(-3))*357/34. Suppose 64 - 624 = -x*f. What is the remainder when 24 is divided by f?
4
Let g(x) = -x + 16. Let f be g(6). Suppose -7 = m - f. Suppose -s - m*s + 64 = 0. Calculate the remainder when 61 is divided by s.
13
Suppose -11 = -3*p + 1. Let o = 160 - 93. Calculate the remainder when o is divided by p.
3
Suppose 3*x + 0*x = -4*n + 227, 3*n + 417 = 5*x. Let t = 662 - 463. Suppose -t + 94 = -5*h. What is the remainder when x is divided by h?
18
Suppose n - 4*p + 0 = -17, -13 = 5*n - 2*p. Let j(t) = 130*t**2 + 6*t. Calculate the remainder when j(n) is divided by 42.
40
Let p = -91 + 115. Let s = 631 - 539. Calculate the remainder when s is divided by p.
20
Let t = 3192 - 3041. Calculate the remainder when t is divided by 45.
16
Let t = 5414 + -5038. What is the remainder when t is divided by 48?
40
Suppose 689 = 2*n - 121. Let k = 951 + -934. What is the remainder when n is divided by k?
14
Let g(l) = 250*l - 10878. Calculate the remainder when 389 is divided by g(44).
23
Let q(x) = x**3 - 10*x**2 + 118*x - 1169. What is the remainder when 3419 is divided by q(10)?
9
Let h(r) = r**3 + 29*r**2 - 30*r + 35. Let p(l) = 15*l + 30. Let d be p(-4). Calculate the remainder when 312 is divided by h(d).
32
Let c be (-270)/(-30)*(1 - (-10)/6). What is the remainder when (296/c)/((-3)/(-9)) is divided by 9?
1
Let z = 232 - 192. Suppose -4*i = -82 - 342. Calculate the remainder when i is divided by z.
26
Let n = -77 - -78. What is the remainder when (-5 - -75) + 4*n is divided by (300/(-70))/((-6)/28)?
14
Calculate the remainder when -325 + 331 + (0 - -1)*252 is divided by 54.
42
Suppose -22 = 2*y + 56. Let o be 0 - (65/(-13))/(1 - 2). Calculate the remainder when 12 is divided by (-13)/o - y/(-65).
0
Let i(l) = 11*l**2 - 73*l - 4061. Calculate the remainder when i(62) is divided by 50.
47
What is the remainder when 69/3 - 9 - -19 is divided by 31?
2
Suppose 0 = 2*k + 48 + 4. Let t = k - -44. Let j = 18 + t. What is the remainder when 213 is divided by j?
33
Let i = -1 + 5. Suppose y = i*d + 6*y - 129, 3*y = -9. Let f = -2264 + 2284. What is the remainder when d is divided by f?
16
Suppose 288*f - 469 = 203*f + 296. Let j(x) = x**3 - 5*x**2 - x + 7. Let z be j(5). Suppose 123 - 37 = z*y. What is the remainder when y is divided by f?
7
Let r(h) = 28*h**2 - 252*h - 38. What is the remainder when r(13) is divided by 78?
14
Suppose 0*t - 113 = -3*y + t, -4*t = 4*y - 140. Let f = y + -46. Let g(m) = -5*m - 38. What is the remainder when 22 is divided by g(f)?
1
Let u be 552 + (-4)/(-36) + 3/(-27). Suppose -10*m + 408 = -u. Calculate the remainder when m is divided by 25.
21
Suppose 0 = -16*v - 4396 - 548. Let y = -286 - v. What is the remainder when y is divided by 3?
2
Suppose -4*p + n + 8 = 0, -17*n = 3*p - 15*n - 6. Suppose 3*a + 17 = 7*s - p*s, a + 19 = 5*s. What is the remainder when 30 is divided by s?
2
Suppose -7*w - 2 = -23. Let b be 25 + w + (-4)/2. Suppose -b = -10*c + 64. Calculate the remainder when 35 is divided by c.
8
Let q = -5493 + 5529. Let h = -28 - -97. Calculate the remainder when h is divided by q.
33
Suppose 17055 = 53*g - 2661. Calculate the remainder when g is divided by 11.
9
Let z(u) = 14*u + 1. Let k(x) = -x**3 + 7*x**2 + 12*x - 65. Calculate the remainder when z(9) is divided by k(6).
41
Let u = 934 - 551. Let q = -256 + u. Calculate the remainder when q is divided by 16.
15
Calculate the remainder when 471 is divided by (-17)/(68/(-152)) + (-90)/10.
7
Let h(z) = -z**3 - 15*z**2 + 33*z + 49. Let q be h(-14). Let l = q + 761. What is the remainder when l is divided by 22?
20
Let u be -619*((0 - -9) + -10). Let p = u + -546. Calculate the remainder when p is divided by 43.
30
Calculate the remainder when 32/66 + 4/(-6) - (-14265425)/4345 is divided by 31.
28
Let j = 288 - 216. Calculate the remainder when 100 is divided by j.
28
Suppose -52*z + 258 + 574 = 0. What is the remainder when 79 is divided by z?
15
Let c(l) = 770*l**3 + 3*l**2 - 2*l + 1. What is the remainder when c(1) is divided by 97?
93
Let y(r) = -r**3 - 16*r**2 - 33*r + 10. Suppose -3*x = -a - 2629, 5*a - 4395 = -138*x + 133*x. What is the remainder when x is divided by y(-14)?
77
Suppose 9*a + 27*a = -8424. Let r = -225 - a. Calculate the remainder when 33 is divided by r.
6
What is the remainder when (-22)/3*10080/(-320) is divided by 51?
27
Let u = -278 + 292. Suppose -4*f + 12 = t, -u*t + 10*t - 2*f + 34 = 0. Calculate the remainder when 15 is divided by t.
7
Let x be 98*((-1)/(-2)*29 - 5). Suppose -3*t + 4*k + 667 = 0, 49*t - 45*t - x = -3*k. What is the r